{"id":162,"date":"2025-02-24T17:53:59","date_gmt":"2025-02-24T17:53:59","guid":{"rendered":"https:\/\/funea.gov.ao\/?page_id=162"},"modified":"2025-03-12T08:29:32","modified_gmt":"2025-03-12T08:29:32","slug":"estrutura-funcional","status":"publish","type":"page","link":"https:\/\/funea.gov.ao\/?page_id=162","title":{"rendered":"Estrutura Funcional"},"content":{"rendered":"\n<h2 class=\"wp-block-heading\">PRINCIPAIS RESULTADOS PARA SOCIEDADE<\/h2>\n\n\n\n<ol class=\"wp-block-list\">\n<li>Com a institucionaliza\u00e7\u00e3o do FUNEA, espera-se obter os principais resultados descritos nas al\u00edneas abaixo:\n<ul class=\"wp-block-list\">\n<li>Fomento, gera\u00e7\u00e3o e manuten\u00e7\u00e3o de trabalho, emprego e renda;<\/li>\n\n\n\n<li>Aumento da empregabilidade, reduzindo a diferen\u00e7a entre a oferta e procura no mercado de trabalho;<\/li>\n\n\n\n<li>Aumento base contributiva do sistema de seguran\u00e7a social;<\/li>\n\n\n\n<li>Alinhamento dos curr\u00edculos t\u00e9cnico-profissionais \u00e0s necessidades do mercado de trabalho;<\/li>\n\n\n\n<li>Refor\u00e7o do sistema nacional de forma\u00e7\u00e3o profissional.<\/li>\n<\/ul>\n<\/li>\n<\/ol>\n\n\n\n<h2 class=\"wp-block-heading\">DEFINI\u00c7\u00c3O DE OBJECTIVOS NO \u00c2MBITO DA AGENDA NACIONAL DE EMPREGO<\/h2>\n\n\n\n<p>2. No \u00e2mbito conceptual da Agenda Nacional para o Emprego foram definidas as dimens\u00f5es\/dom\u00ednios, objectivos, estrat\u00e9gias, medidas priorit\u00e1rias, indicadores e o custo estimado para a capitaliza\u00e7\u00e3o total do FUNEA, conforme ilustra a tabela abaixo:<\/p>\n","protected":false},"excerpt":{"rendered":"<p>PRINCIPAIS RESULTADOS PARA SOCIEDADE DEFINI\u00c7\u00c3O DE OBJECTIVOS NO \u00c2MBITO DA AGENDA NACIONAL DE EMPREGO 2. No \u00e2mbito conceptual da Agenda Nacional para o Emprego foram definidas as dimens\u00f5es\/dom\u00ednios, objectivos, estrat\u00e9gias, medidas priorit\u00e1rias, indicadores e o custo estimado para a capitaliza\u00e7\u00e3o total do FUNEA, conforme ilustra a tabela abaixo:<\/p>\n","protected":false},"author":1,"featured_media":0,"parent":0,"menu_order":0,"comment_status":"closed","ping_status":"closed","template":"page-templates\/page-funcional.php","meta":{"footnotes":""},"class_list":["post-162","page","type-page","status-publish","hentry"],"acf":[],"_links":{"self":[{"href":"https:\/\/funea.gov.ao\/index.php?rest_route=\/wp\/v2\/pages\/162","targetHints":{"allow":["GET"]}}],"collection":[{"href":"https:\/\/funea.gov.ao\/index.php?rest_route=\/wp\/v2\/pages"}],"about":[{"href":"https:\/\/funea.gov.ao\/index.php?rest_route=\/wp\/v2\/types\/page"}],"author":[{"embeddable":true,"href":"https:\/\/funea.gov.ao\/index.php?rest_route=\/wp\/v2\/users\/1"}],"replies":[{"embeddable":true,"href":"https:\/\/funea.gov.ao\/index.php?rest_route=%2Fwp%2Fv2%2Fcomments&post=162"}],"version-history":[{"count":6,"href":"https:\/\/funea.gov.ao\/index.php?rest_route=\/wp\/v2\/pages\/162\/revisions"}],"predecessor-version":[{"id":185,"href":"https:\/\/funea.gov.ao\/index.php?rest_route=\/wp\/v2\/pages\/162\/revisions\/185"}],"wp:attachment":[{"href":"https:\/\/funea.gov.ao\/index.php?rest_route=%2Fwp%2Fv2%2Fmedia&parent=162"}],"curies":[{"name":"wp","href":"https:\/\/api.w.org\/{rel}","templated":true}]}}